, 5
Suppose 25 = 4*m + 3*x, -7*x + 8*x = m - 1. Suppose 3*n = -m*w + 1957, 129 - 781 = -n - w. What are the prime factors of n?
3, 7, 31
Let p(u) = 26*u - 275. Let i be p(44). Suppose z - 1244 = -4*j, 0 = -3*j + 2*z + 53 + i. What are the prime factors of j?
2, 5, 31
Let s = 849 - 818. Let q(j) = 3*j**2 - 67*j - 39. What are the prime factors of q(s)?
13, 59
Let n = 6963 - 3896. List the prime factors of n.
3067
Let y = 111 - 108. Suppose 2*m = -y*h + 51, 75 = 5*m - 3*m - 5*h. What are the prime factors of m?
2, 3, 5
Suppose 77 = -13*r - 12*r + 32*r. List the prime factors of r.
11
Let c(x) = 3*x**3 - 69*x**2 - 42*x + 32. What are the prime factors of c(30)?
2, 47
Let k(a) = -3*a**2 + 23*a + 20. Let w be k(8). Suppose 10*p - w*p = -1016. What are the prime factors of p?
2, 127
Suppose 0 = 6*g + 652 + 1850. Let x = g + 593. List the prime factors of x.
2, 11
Let m be 0/7 + -5 - -5. Suppose 108 = 5*r + 4*a - 2282, m = 2*r + 5*a - 939. List the prime factors of r.
2, 241
Let i be (-1)/(-2)*(-7)/14*0. Suppose 3*m - 3*c = -22 + 4, -2*m - c - 6 = i. List the prime factors of ((-7524)/(-15))/6 - m/10.
2, 3, 7
Suppose 14 + 26 = 8*s. Let r(z) = z**3 - 8*z**2 + 1 + 2 - 2*z**3 + s*z. What are the prime factors of r(-9)?
3, 13
Suppose -227 + 62 = -5*q. What are the prime factors of ((-171)/(-27))/(1/q)?
11, 19
Suppose 3*l = -b + 586, 0 = -5*b + 8*b - 5*l - 1702. Suppose 5*i - 3214 = -b. What are the prime factors of i?
2, 3, 11
Suppose 0 = 3*x - 181 - 116. Suppose -x*g = -93*g - 3216. List the prime factors of g.
2, 67
Let q = 49 + -42. Suppose 3 = q*f - 11. What are the prime factors of 123 + -3 + f - 30/10?
7, 17
Let o(s) = -786*s + 1729. What are the prime factors of o(-36)?
5, 1201
Let m(g) = -28*g - 113. Let y be m(-27). Suppose 4*b - y - 1973 = 0. List the prime factors of b.
2, 3, 109
Let r = -15637 + 18206. What are the prime factors of r?
7, 367
Let v be -1 + 0 + (-3)/2*-4. Suppose -p - 996 = -3*q, -5*q = -v*p + 7*p - 1671. What are the prime factors of q?
3, 37
Let p(z) = -z**2 - 57*z + 36. Suppose -6*q - 25 = c - 7*q, -29 = c - 2*q. What are the prime factors of p(c)?
2, 3, 11
Let s = 5712 + 187. Suppose 0 = 5*y + 2*l - s, 3*y = -16*l + 12*l + 3531. What are the prime factors of y?
1181
Suppose 0 = -2*l - 2*u + 1174, 3*l - 44*u + 45*u - 1757 = 0. Suppose 2*j = -87 - 635. Let s = l + j. What are the prime factors of s?
2, 7
Suppose 4*z - 15 = 1. Suppose 5 = z*m - 3. Suppose m*o + 5 = 29. List the prime factors of o.
2, 3
Suppose 2*f + 4 = -2*f, f = 4*i - 401. Suppose -253 = -z + i. List the prime factors of z.
353
Suppose -p + 5 = -2. Let f be (p + -4 - 24)*61/3. Let q = f - -638. What are the prime factors of q?
211
List the prime factors of (1/2 - (-50)/100)*7933.
7933
Suppose 139*p = 140*p + y - 2110, -y = 5*p - 10558. List the prime factors of p.
2, 3, 11
Let h(w) = 3443*w**3 + 5*w**2 + 27*w - 58. What are the prime factors of h(2)?
2, 5, 13, 53
Let p = 86 + -64. Let y(f) = 2*f**2 + 25*f + 20. What are the prime factors of y(p)?
2, 769
Let x = -8 + 13. Let w(l) = x - 1 + 49*l - 59*l. List the prime factors of w(-8).
2, 3, 7
Let q(g) = 3*g - 42. Let p be q(16). Suppose -3*z + z + p*z = 0. Suppose 3*y = -j - j + 443, z = 5*j + 4*y - 1118. List the prime factors of j.
2, 113
Let g be (-12)/(-16) + ((-302)/8 - -2). Let w = g + 65. Suppose -6*u = -3*k - u + 50, -4*u = -2*k + w. What are the prime factors of k?
5
Suppose -33*f - 4960 + 86446 = -49986. List the prime factors of f.
2, 3, 83
Suppose 4*u + 11264 = -6652. What are the prime factors of 18/(-99) - (-1)/(-11)*u?
11, 37
Let z = 1182 + -1158. Let w(j) = -j**2 - j. Let c be w(-1). Suppose -4*k + 2*t = -c*k - z, -4*k = t - 30. What are the prime factors of k?
7
Suppose 5*a + 2*l - l - 14 = 0, -a + 10 = 2*l. Suppose w = 6*w + 3*u - 1680, 4*u = -a*w + 672. What are the prime factors of w?
2, 3, 7
What are the prime factors of 18266*(-3 - (12 - 16))?
2, 9133
Suppose -2*y + 1 = 3, 5*k + 3*y - 17 = 0. Suppose s + 4*x = 875, -k*s + 3*x = -3*s - 875. What are the prime factors of s?
5, 7
Let i be -1 - 50 - (-6 - -2). Let q = i + 43. List the prime factors of 950/5*(-2)/q.
5, 19
Let f(b) = 37*b + b**2 + 8 - 16*b - 20*b. Let t be f(6). Let o = t - 27. List the prime factors of o.
23
Let p = -158 + -86. What are the prime factors of 0 - ((-8)/16)/((-2)/p)?
61
Suppose j = -r + 35 - 9, 157 = 5*r - 4*j. Let h be 686/(-4) - 2/(-4). Let g = r - h. List the prime factors of g.
2, 5
Let j = 168 - -672. Suppose -j = -10*s - 4*s. List the prime factors of s.
2, 3, 5
Let s = 407 - 398. Suppose 570 = 2*q - 44. Suppose -q - 89 = -s*j. List the prime factors of j.
2, 11
Let u(y) = 12*y - 115. Let b be u(10). Suppose 44*a = -b*l + 45*a + 1306, -5*a = 5*l - 1330. List the prime factors of l.
2, 131
Suppose 0 = 3*f + c - 39721, -45*f - 2*c - 52968 = -49*f. What are the prime factors of f?
13241
Suppose -l + 12 = -6*l - 3*z, -3*l = 5*z + 20. Suppose l*w = -5*j - 4*w + 2, -10 = -j + 4*w. Suppose p = -j*p + 204. What are the prime factors of p?
2, 17
Let k be -2 + 1480 + 3 + (-42)/7. Let b be 220/25*k/(-10). List the prime factors of b/(-6) - (5 - (-85)/(-15)).
7, 31
Let d be ((-26)/(-39) - (-10)/(-6)) + 4. Suppose 3*n - 597 = -d*r, 19*n + 202 = r + 23*n. What are the prime factors of r?
2, 3, 11
Let d = 102 + -103. Let k(s) = -s + 3. Let a be k(d). Suppose -t + 23 = -2*v - 193, 5*t - 1050 = a*v. List the prime factors of t.
2, 103
Let u(d) = d**3 + 1. Let q(h) = -3*h**3 - 13*h**2 - 7*h - 21. Let o(i) = q(i) + 5*u(i). List the prime factors of o(9).
2, 163
Let a be (-7 - 59)/((-6)/4). What are the prime factors of ((-594)/a)/(2/(-76))?
3, 19
What are the prime factors of 14/(-10) - (3130958/(-170) - -4)?
2, 4603
List the prime factors of 8 + -11 + 94492*((-135)/(-20))/9.
2, 3, 31, 127
Let x be 957 - (-1 + 2)/(14 - 15). Let m = x - 364. What are the prime factors of m?
2, 3, 11
List the prime factors of (((-47235)/(-9))/(-2 + 3))/((-2)/(-6)).
5, 47, 67
Let i be ((-84)/36)/(1 - (-116)/(-114)). Suppose -i = 6*x + x. Let n(l) = -8*l - 19. What are the prime factors of n(x)?
7, 19
Suppose 3*q = 7*f - 8*f + 56, -f = 5*q - 92. Suppose -q*x = -23*x + 750. What are the prime factors of x?
2, 3, 5
Let u(n) = 8*n - 43. Let y be u(6). Suppose -2510 = -y*d + 2*r, 3*r - r = 3*d - 1510. What are the prime factors of d?
2, 5
Let g be 5 + -4 + 3 - 2. Suppose 0 = -7*f - 4*f + g*f. Suppose f = 8*z - 11*z + 471. What are the prime factors of z?
157
Let s = 22074 + -379. What are the prime factors of s?
5, 4339
Suppose 5*h - 2*s = 106154, 3*s - 20415 - 22058 = -2*h. What are the prime factors of h?
2, 1327
Let u(d) = -4*d**3 - 14*d**2 + 3*d + 27. Let s be u(-7). Suppose -3*a + m = -529, 4*a + 2*m = -0*m + s. List the prime factors of a.
5, 7
Let r = -94 - -96. Suppose -3*u + r*u + 2*c = 0, -c = 3*u. Suppose u = p - 2*v - 89, -2*v = -5*p + 2*v + 457. What are the prime factors of p?
3, 31
Suppose 5*y = 2*c + 24, -y - 3*c + 2*c = -2. Suppose 4*z = 3*m + 1234, -y*z - m = -832 - 410. List the prime factors of z.
2, 5, 31
Let r(v) = 24*v + 7. Let b = -31 - -36. Suppose -p - b*f = 22, -2*f = 10 - 0. What are the prime factors of r(p)?
79
Suppose 0 = 5*i - 15, -2*i - 3*i + 27 = 3*p. Suppose 2*v + 2*n - 500 = 928, p*n = v - 729. List the prime factors of v.
3, 239
Let v(s) = s**2 - 8*s. Suppose -6 - 26 = -4*y. Let g be v(y). Suppose 2*w - 24 = -2*k, 4*k + g*w = -2*w + 58. List the prime factors of k.
17
Suppose -2*p = -4, 5*p + 2 = 3*t - 60. Suppose -3*v + t = -v. What are the prime factors of (-282)/4*v/(-18)?
47
List the prime factors of (6896 + ((-9)/2 - -4))*(-40)/(-60).
4597
Let t be 104/7 + 15/105. Let n(u) = -u**3 + 12*u**2 + 85*u - 16. List the prime factors of n(t).
2, 73
Let t(i) = -17*i**3 - 3*i**2 + 3*i - 1. Suppose 3*d = -25 + 28. Let z be t(d). Let k(u) = 2*u + 58. What are the prime factors of k(z)?
2, 11
Suppose -10*l - 69905 + 111028 + 125027 = 0. What are the prime factors of l?
5, 3323
Let i = 676 - -186. Let f = -640 + i. What are the prime factors of f?
2, 3, 37
Suppose 5*h + 3*j = j + 880, 0 = 4*j + 20. Let b = h + -3. List the prime factors of b.
5, 7
Suppose -5*g = 4*z - 36, -z + g + 8 = 2*z. Let q be (4 - 20/(-8))*26. Suppose z*b = -3*k + q, -3*b = -5*b - k + 83. List the prime factors of b.
2, 5
Let d(y) = 16*y + 52. L